. Determine r(a).
43
Let t(m) be the first derivative of -1/6*m**3 + 16 + 5*m + m**2. Let l(x) be the first derivative of t(x). What is l(5)?
-3
Let q(c) be the first derivative of -c**5/20 + 7*c**4/12 - c**3/6 + c**2/2 + 52*c + 69. Let g(p) be the first derivative of q(p). Give g(7).
-6
Let b(z) = 2*z**2 + 6*z + 3. Let k be b(-2). Let m(d) be the second derivative of -11*d**5/20 - d**3/6 + 401*d. Calculate m(k).
12
Let z = 76 - 62. Suppose -u + 0 = -f - 2, -4*u + z = 2*f. Suppose 24 = -3*n - b, -13 = u*n + 4*b + 11. Let g(w) = w + 7. Give g(n).
-1
Suppose 10*z + 156 = 16*z. Let r = 32 - z. Let j(o) = 7*o**2 - 6*o - 8. Let s(w) = 13*w**2 - 12*w - 15. Let x(u) = r*s(u) - 11*j(u). Determine x(7).
5
Let z(n) = 28314*n + 11*n**2 + 0*n**3 - 28328*n - 9 + n**3. Calculate z(-12).
15
Let i(n) = 2*n**2 - 16*n - 5. Let q be i(9). Let f(d) = d + q - 7 - 6. Let h be 1/(((-1)/27)/(2/6)). What is f(h)?
-9
Let x(n) = 10 - 1 + n + 3*n. Let i = 22647 - 22640. Give x(i).
37
Let x(w) = -3*w + 71. Let q be x(23). Let f be -5*9/(-15) - (-4)/q. Let j be (f + (-5 - 2))/((-1)/(-4)). Let m(u) = -u**3 - 9*u**2 - 8*u + 3. Give m(j).
3
Let n(i) be the second derivative of i**5/20 - 5*i**4/12 + 7*i**3/6 + 3*i**2 + 167*i + 2. Let z be n(3). Let p(m) = -m**3 + 8*m**2 + 9*m - 10. Give p(z).
-10
Let p(m) be the first derivative of -m**2/2 + 16*m - 1. Suppose 1920*n + 61 = 1924*n + v, 5*n - 35 = -5*v. Determine p(n).
-2
Suppose 4*n = 7 - 11. Let m be 3 + -2 + 4*n/(-4). Let a(h) = -10*h + 5 + 0 - 4 + 7*h. Calculate a(m).
-5
Let c(x) = -5*x - 18. Let g(y) = -13*y - 38. Let a(l) = -l + 1. Let d(j) = -3*a(j) + g(j). Let k(m) = 9*c(m) - 4*d(m). What is k(-1)?
7
Let g(f) = 4*f**3 - 2*f - 1. Let z = 31 - 43. Let i = 12 + z. Suppose -1 = -4*h + v, 4*h = 5*v - i*v + 21. Determine g(h).
-3
Let l(a) = -5*a**3 - 8*a**2 - 13*a - 1. Let y(m) = 6*m**3 + 9*m**2 + 14*m + 2. Let n(s) = 7*l(s) + 6*y(s). Suppose -752 = -685*q + 497*q. What is n(q)?
9
Let h(q) be the second derivative of 1/20*q**5 + 2/3*q**3 + 0 + 2*q**2 - 1/3*q**4 - 135*q. What is h(3)?
7
Suppose 4*d = 5*d + 8. Let v(w) be the second derivative of 1/12*w**4 + 0 - 75*w + 3/2*w**3 + 3/2*w**2. Give v(d).
-5
Let b = 219 - 210. Let r be (-21*b/27)/(2 + -1). Let g(q) = -q**2 - 7*q - 4. Calculate g(r).
-4
Let k(y) = -y**3 + 12*y**2 - 3*y - 40. Let f be k(7). Let r(a) = 181 - 4*a**2 + 2*a**2 + 2*a**2 - 2*a**2 - 7*a - f. What is r(-5)?
-18
Let z = 9 + 68. Let y be (-3)/(-2) + z/2. Let h(q) = q - 38 + q**3 + 5*q**2 + y - 2*q**3. Calculate h(5).
7
Suppose -20 + 10 = 5*t + 2*f, 6 = -3*t + f. Suppose 3*p - 7*p + 10 = 5*l, 6 = 3*l - 3*p. Let y(c) = -4 - 3*c**l - 4*c + 4 - 3 + c. What is y(t)?
-9
Let j(k) be the second derivative of k**4/12 + k**3/6 - k**2/2 - 26*k - 1. Let g(f) = 3*f**2 + 7*f - 7. Let r(d) = g(d) - 6*j(d). What is r(1)?
-3
Suppose 146 + 1 = s + 3*o, 0 = 4*s - 5*o - 537. Let c = 131 - s. Let f(j) = -j**3 - 6*j**2 + 9*j + 8. Determine f(c).
-6
Let l(f) = -f + 1. Let m(d) = -7*d + 1. Let i(j) = 3*l(j) - m(j). Suppose -20*c + 8*c - 888 = 0. Let r = -77 - c. Calculate i(r).
-10
Let q(o) = -o**3 - o**2 + 10. Let l be q(0). Let m(x) = x + l - 17*x + 19*x. Suppose 0*j + 2*j + d + 17 = 0, -5*j + 3*d - 26 = 0. What is m(j)?
-11
Let z(b) be the third derivative of -b**4/12 + b**3/6 - 7*b**2. Let a be -8*((-4)/(-8) - 1). Suppose 3*o = 2*n - 2, -6*o + 2*o = -a*n - 4. Calculate z(n).
11
Let r(x) = -x**3 - 5*x**2 + 6*x + 2. Suppose o - 1 = 3*w - 4*w, 4*o - 18 = 3*w. Let a be 18/4*(12 + (-342)/27). Let h = a - o. What is r(h)?
2
Suppose -6*h + 91 + 114 = 181. Let k(p) = p**3 - 16*p**2 + 47*p - 1. Determine k(h).
-5
Let n be 1443/(-247) - 69/437. Let i(w) = -12*w - 47. Calculate i(n).
25
Let j(i) be the second derivative of i**3/6 - i**2 + 4*i. Let l be (-6 - 65/(-10))*-14. What is j(l)?
-9
Suppose 39 = 2*d - 15*d. Let h = 90 - 24. Let u(i) = 6 - 2 + 69*i - h*i. Determine u(d).
-5
Let b(u) = 23*u**2 + 18*u - 5. Let a(f) = -50*f**2 - 38*f + 10. Let c(w) = -6*a(w) - 13*b(w). Let m(y) = -y**2 - y + 5. Let t be m(0). Calculate c(t).
0
Suppose -844 = -5*a + 4*n, 3*n - 675 = -4*a + 6*n. Suppose -a = -23*y - 7. Let u(g) = -g**2 + 10*g - 9. Calculate u(y).
12
Let z(k) = -2*k - 3. Let v(q) = q**3 - 11*q**2 - 4*q - 101. Let m be v(12). Let i(u) = -13*u - 10. Let t(p) = m*z(p) + i(p). Give t(3).
-4
Let g(v) be the second derivative of 0 - 175*v - 2/3*v**3 - 15/2*v**2. Give g(-5).
5
Let k be 170989/637 - 4*1/(-7). Let r = k - 269. Let u(y) = -y**2 + 15. Calculate u(r).
15
Let w = 28817 + -28815. Let q(p) = 7*p**2 + p. What is q(w)?
30
Let u(m) be the second derivative of -m**5/10 + m**4/6 - m**3/3 + m**2 - 1112*m. What is u(2)?
-10
Let x = -218 + 254. Suppose 0 = 3*l - 4*i + x, -9*l = -8*l - 5*i + 23. Let f(k) = -k**2 - 9*k - 12. Give f(l).
-4
Suppose 2*u - 5*u = -3*m - 9, -u + 4*m = 6. Let c be u/9 + (91/21 - -5). Let h(q) = -3*q + 12. Calculate h(c).
-18
Suppose -4*k + 799 - 2859 = 0. Let a = 514 + k. Let p(d) = 3*d**2 + 2*d + 1. Calculate p(a).
2
Suppose -5*a + 1 = -4*m - 35, -3*m + 4 = 4*a. Let l be a + (-108 - -2 - -5). Let f = -97 - l. Let t(i) = i**3 - i - 12. Determine t(f).
-12
Suppose -5*j + 238 = -1282. Let m = j - 296. Let n(l) = l**2 - 10*l - 1. What is n(m)?
-17
Let q(c) = -c**3 + 16*c**2 - 16*c + 22. Let g(r) = r**3 - 69*r**2 - 617*r + 92. Let s be g(77). Give q(s).
7
Let d be (12/9)/((-4)/(-576)). Suppose d - 200 = 2*k. Let r(x) = 3*x - 4. What is r(k)?
-16
Let k(r) = r + 1 - 2*r + 0 + 12*r**2 - 3*r**2. Suppose 1 = 6*w - y, 0*w - y = -3*w - 2. Give k(w).
9
Suppose 9*w - 18 = 9. Let t be w*(-1)/(-3) + 1. Let a(c) = c - 3. Calculate a(t).
-1
Let p(u) = u**2 + 3*u - 12. Suppose 0 = -137*z + 37*z - 642 - 58. Determine p(z).
16
Let c(s) = -2*s**2 + 4736*s - 7 - 1 + 4743*s - 9485*s. What is c(-4)?
-16
Let w(f) = -f**3 - 3*f**2. Suppose 120*j + 6762 - 762 = 0. Let z = -93 - -40. Let h = z - j. Determine w(h).
0
Let s(u) = -u - 186. Let z(a) = -33. Let m(w) = -s(w) + 6*z(w). Determine m(-10).
-22
Let p(y) be the first derivative of 16/3*y**3 + 0*y - 93 + 0*y**2. Give p(1).
16
Let n(m) be the second derivative of 7*m**3/6 + 3*m**2 + 5573*m. Suppose 3*f + 20 - 3 = d, 0 = f + 5*d - 5. Calculate n(f).
-29
Let g(t) = 6*t - 5. Let a(j) = 3*j**2 - 22*j + 11. Let b be a(15). Let l = 363 - b. Determine g(l).
37
Let d be (-1912)/18 + 32/144. Let w = 121 + d. Suppose -69 = -14*n + w. Let q(i) = -3*i + 9. Determine q(n).
-9
Let s(c) be the second derivative of -c**3 + 145*c**2/2 + 1030*c + 1. Determine s(24).
1
Let b = 142 - 134. Let g(l) = -2 + 9*l - b*l - 2. Determine g(5).
1
Let v(q) = -26*q**2 - 30*q + 40. Let b(a) = 13*a**2 + 11*a - 17. Let w(u) = -7*b(u) - 3*v(u). Determine w(2).
-27
Let d(l) = l + 24. Let f(v) = 3*v + 62. Let g be f(-20). Let a be g/(((-33)/24)/11). Give d(a).
8
Let h be (2/8)/(96/128). Let l(f) be the first derivative of 2*f**2 + h*f**3 + 3*f - 4. Determine l(-5).
8
Let k(j) = -j**3 - 10*j**2 + 15*j + 52. Let c(f) = -f**3 + 2*f**2 + 16*f - 11. Let w be c(0). Give k(w).
8
Let l(c) be the third derivative of c**5/60 - 7*c**4/24 - 4*c**3/3 + 16*c**2 + 193*c - 1. Let m = 8 + -1. Give l(m).
-8
Let u(k) be the third derivative of -k**4/12 + k**3/3 + k**2. Suppose -304*n + 4272 = 230*n. Calculate u(n).
-14
Let f(p) = p + 9866 + p - 9833 + 0*p. Give f(-12).
9
Let m(u) be the second derivative of -u**5/20 - u**4/2 + 7*u**3/3 - 27*u**2/2 - 911*u - 1. Calculate m(-8).
-11
Let v(q) = q**2 - q - 2. Let r be v(3). Suppose r - 2 = l. Let x(n) = 1 - 2 - 2*n**2 + n + 5 - l. Determine x(-2).
-8
Suppose 5*g = 5*u + 60, 4*u - 2 = -3*g - 15. Let x(j) be the third derivative of 0*j - 1/3*j**3 + 0*j**4 - 1/60*j**g + 0 + 1/120*j**6 - 49*j**2. Calculate x(2).
2
Let b(a) = a**2 - a. Let m(s) = 5*s**2 - s - 10. Let t(u) = u**3 + 15*u**2 + 26*u + 4. Let o be t(-13). Let f(n) = o*b(n) - m(n). Calculate f(-5).
0
Let z(a) = 2*a - 2. Let m be -19 + 33 - 2*(-3)/(-2). Let n(v) = -2*v + 11. Let q be n(-9). Suppose m + q = 10*x. Determine z(x).
6
Let c(p) = -3*p + 12. Let k(u) = 9*u**2 - 2. Let w be k(1). Calculate c(w).
-9
Let l be 1*1*(6 - 17). Let b(z) = -11*z**2 + 15*z + 17. Let c(a) = -31*a**2 + 45*a + 50. Let x(g) = 17*b(g) - 6*c(g). What is x(l)?
33
Let o(d) = -d**2 - 7*d - 8. Let u be (-3)/2*2/1. Let w be o(u). Let z(l) = -w - 3*l + 3*l + 9 + 2*l. Calculate